{"id":2282,"date":"2020-03-16T16:30:33","date_gmt":"2020-03-16T15:30:33","guid":{"rendered":"http:\/\/www.mazda-adli.de\/wp-content\/uploads\/2020\/03\/2020-03-16_stressB\u00fcro.jpeg"},"modified":"2020-03-16T16:30:33","modified_gmt":"2020-03-16T15:30:33","slug":"2020-03-16_stressbuero-2","status":"inherit","type":"attachment","link":"https:\/\/www.mazda-adli.de\/en\/2020-03-16_stressbuero-2\/","title":{"rendered":"2020-03-16_stressB\u00fcro"},"author":4,"comment_status":"closed","ping_status":"closed","template":"","meta":[],"acf":[],"yoast_head":"<!-- This site is optimized with the Yoast SEO plugin v19.4 - https:\/\/yoast.com\/wordpress\/plugins\/seo\/ -->\n<title>2020-03-16_stressB\u00fcro - Mazda Adli<\/title>\n<meta name=\"robots\" content=\"index, follow, max-snippet:-1, max-image-preview:large, max-video-preview:-1\" \/>\n<link rel=\"canonical\" href=\"https:\/\/www.mazda-adli.de\/wp-content\/uploads\/2020\/03\/2020-03-16_stressB\u00fcro.jpeg\" \/>\n<meta property=\"og:locale\" content=\"en_US\" \/>\n<meta property=\"og:type\" content=\"article\" \/>\n<meta property=\"og:title\" content=\"2020-03-16_stressB\u00fcro - Mazda Adli\" \/>\n<meta property=\"og:description\" content=\"Stress im B\u00fcro\" \/>\n<meta property=\"og:url\" content=\"https:\/\/www.mazda-adli.de\/wp-content\/uploads\/2020\/03\/2020-03-16_stressB\u00fcro.jpeg\" \/>\n<meta property=\"og:site_name\" content=\"Mazda Adli\" \/>\n<meta property=\"og:image\" content=\"https:\/\/www.mazda-adli.de\/wp-content\/uploads\/2020\/03\/2020-03-16_stressB\u00fcro.jpeg\" \/>\n\t<meta property=\"og:image:width\" content=\"374\" \/>\n\t<meta property=\"og:image:height\" content=\"191\" \/>\n\t<meta property=\"og:image:type\" content=\"image\/jpeg\" \/>\n<script type=\"application\/ld+json\" class=\"yoast-schema-graph\">{\"@context\":\"https:\/\/schema.org\",\"@graph\":[{\"@type\":\"WebSite\",\"@id\":\"https:\/\/www.mazda-adli.de\/#website\",\"url\":\"https:\/\/www.mazda-adli.de\/\",\"name\":\"Mazda Adli\",\"description\":\"Mazda Adli und sein Wirken in Forschung und Therapie f\u00fcr psychische Gesundheit in der Staddt.\",\"potentialAction\":[{\"@type\":\"SearchAction\",\"target\":{\"@type\":\"EntryPoint\",\"urlTemplate\":\"https:\/\/www.mazda-adli.de\/?s={search_term_string}\"},\"query-input\":\"required name=search_term_string\"}],\"inLanguage\":\"en-US\"},{\"@type\":\"WebPage\",\"@id\":\"https:\/\/www.mazda-adli.de\/wp-content\/uploads\/2020\/03\/2020-03-16_stressB\u00fcro.jpeg\",\"url\":\"https:\/\/www.mazda-adli.de\/wp-content\/uploads\/2020\/03\/2020-03-16_stressB\u00fcro.jpeg\",\"name\":\"2020-03-16_stressB\u00fcro - Mazda Adli\",\"isPartOf\":{\"@id\":\"https:\/\/www.mazda-adli.de\/#website\"},\"datePublished\":\"2020-03-16T15:30:33+00:00\",\"dateModified\":\"2020-03-16T15:30:33+00:00\",\"breadcrumb\":{\"@id\":\"https:\/\/www.mazda-adli.de\/wp-content\/uploads\/2020\/03\/2020-03-16_stressB\u00fcro.jpeg#breadcrumb\"},\"inLanguage\":\"en-US\",\"potentialAction\":[{\"@type\":\"ReadAction\",\"target\":[\"https:\/\/www.mazda-adli.de\/wp-content\/uploads\/2020\/03\/2020-03-16_stressB\u00fcro.jpeg\"]}]},{\"@type\":\"BreadcrumbList\",\"@id\":\"https:\/\/www.mazda-adli.de\/wp-content\/uploads\/2020\/03\/2020-03-16_stressB\u00fcro.jpeg#breadcrumb\",\"itemListElement\":[{\"@type\":\"ListItem\",\"position\":1,\"name\":\"Home\",\"item\":\"https:\/\/www.mazda-adli.de\/en\/\"},{\"@type\":\"ListItem\",\"position\":2,\"name\":\"2020-03-16_stressB\u00fcro\"}]}]}<\/script>\n<!-- \/ Yoast SEO plugin. -->","yoast_head_json":{"title":"2020-03-16_stressB\u00fcro - Mazda Adli","robots":{"index":"index","follow":"follow","max-snippet":"max-snippet:-1","max-image-preview":"max-image-preview:large","max-video-preview":"max-video-preview:-1"},"canonical":"https:\/\/www.mazda-adli.de\/wp-content\/uploads\/2020\/03\/2020-03-16_stressB\u00fcro.jpeg","og_locale":"en_US","og_type":"article","og_title":"2020-03-16_stressB\u00fcro - Mazda Adli","og_description":"Stress im B\u00fcro","og_url":"https:\/\/www.mazda-adli.de\/wp-content\/uploads\/2020\/03\/2020-03-16_stressB\u00fcro.jpeg","og_site_name":"Mazda Adli","og_image":[{"width":374,"height":191,"url":"https:\/\/www.mazda-adli.de\/wp-content\/uploads\/2020\/03\/2020-03-16_stressB\u00fcro.jpeg","type":"image\/jpeg"}],"schema":{"@context":"https:\/\/schema.org","@graph":[{"@type":"WebSite","@id":"https:\/\/www.mazda-adli.de\/#website","url":"https:\/\/www.mazda-adli.de\/","name":"Mazda Adli","description":"Mazda Adli und sein Wirken in Forschung und Therapie f\u00fcr psychische Gesundheit in der Staddt.","potentialAction":[{"@type":"SearchAction","target":{"@type":"EntryPoint","urlTemplate":"https:\/\/www.mazda-adli.de\/?s={search_term_string}"},"query-input":"required name=search_term_string"}],"inLanguage":"en-US"},{"@type":"WebPage","@id":"https:\/\/www.mazda-adli.de\/wp-content\/uploads\/2020\/03\/2020-03-16_stressB\u00fcro.jpeg","url":"https:\/\/www.mazda-adli.de\/wp-content\/uploads\/2020\/03\/2020-03-16_stressB\u00fcro.jpeg","name":"2020-03-16_stressB\u00fcro - Mazda Adli","isPartOf":{"@id":"https:\/\/www.mazda-adli.de\/#website"},"datePublished":"2020-03-16T15:30:33+00:00","dateModified":"2020-03-16T15:30:33+00:00","breadcrumb":{"@id":"https:\/\/www.mazda-adli.de\/wp-content\/uploads\/2020\/03\/2020-03-16_stressB\u00fcro.jpeg#breadcrumb"},"inLanguage":"en-US","potentialAction":[{"@type":"ReadAction","target":["https:\/\/www.mazda-adli.de\/wp-content\/uploads\/2020\/03\/2020-03-16_stressB\u00fcro.jpeg"]}]},{"@type":"BreadcrumbList","@id":"https:\/\/www.mazda-adli.de\/wp-content\/uploads\/2020\/03\/2020-03-16_stressB\u00fcro.jpeg#breadcrumb","itemListElement":[{"@type":"ListItem","position":1,"name":"Home","item":"https:\/\/www.mazda-adli.de\/en\/"},{"@type":"ListItem","position":2,"name":"2020-03-16_stressB\u00fcro"}]}]}},"description":{"rendered":"<p class=\"attachment\"><a href='https:\/\/www.mazda-adli.de\/wp-content\/uploads\/2020\/03\/2020-03-16_stressB\u00fcro.jpeg'><img width=\"300\" height=\"153\" src=\"https:\/\/www.mazda-adli.de\/wp-content\/uploads\/2020\/03\/2020-03-16_stressB\u00fcro-300x153.jpeg\" class=\"attachment-medium size-medium\" alt=\"\" loading=\"lazy\" srcset=\"https:\/\/www.mazda-adli.de\/wp-content\/uploads\/2020\/03\/2020-03-16_stressB\u00fcro-300x153.jpeg 300w, https:\/\/www.mazda-adli.de\/wp-content\/uploads\/2020\/03\/2020-03-16_stressB\u00fcro.jpeg 374w\" sizes=\"(max-width: 300px) 100vw, 300px\" \/><\/a><\/p>\n<p>Frau sitzt vor dem PC und ist gestresst<\/p>\n"},"caption":{"rendered":"<p>Stress im B\u00fcro<\/p>\n"},"alt_text":"","media_type":"image","mime_type":"image\/jpeg","media_details":{"width":374,"height":191,"file":"2020\/03\/2020-03-16_stressB\u00fcro.jpeg","sizes":{"medium":{"file":"2020-03-16_stressB\u00fcro-300x153.jpeg","width":300,"height":153,"mime_type":"image\/jpeg","source_url":"https:\/\/www.mazda-adli.de\/wp-content\/uploads\/2020\/03\/2020-03-16_stressB\u00fcro-300x153.jpeg"},"thumbnail":{"file":"2020-03-16_stressB\u00fcro-150x150.jpeg","width":150,"height":150,"mime_type":"image\/jpeg","source_url":"https:\/\/www.mazda-adli.de\/wp-content\/uploads\/2020\/03\/2020-03-16_stressB\u00fcro-150x150.jpeg"},"full":{"file":"2020-03-16_stressB\u00fcro.jpeg","width":374,"height":191,"mime_type":"image\/jpeg","source_url":"https:\/\/www.mazda-adli.de\/wp-content\/uploads\/2020\/03\/2020-03-16_stressB\u00fcro.jpeg"}},"image_meta":{"aperture":"0","credit":"","camera":"","caption":"","created_timestamp":"0","copyright":"","focal_length":"0","iso":"0","shutter_speed":"0","title":"","orientation":"0","keywords":[]}},"post":null,"source_url":"https:\/\/www.mazda-adli.de\/wp-content\/uploads\/2020\/03\/2020-03-16_stressB\u00fcro.jpeg","_links":{"self":[{"href":"https:\/\/www.mazda-adli.de\/en\/wp-json\/wp\/v2\/media\/2282"}],"collection":[{"href":"https:\/\/www.mazda-adli.de\/en\/wp-json\/wp\/v2\/media"}],"about":[{"href":"https:\/\/www.mazda-adli.de\/en\/wp-json\/wp\/v2\/types\/attachment"}],"author":[{"embeddable":true,"href":"https:\/\/www.mazda-adli.de\/en\/wp-json\/wp\/v2\/users\/4"}],"replies":[{"embeddable":true,"href":"https:\/\/www.mazda-adli.de\/en\/wp-json\/wp\/v2\/comments?post=2282"}]}}

http://www.mazda-adli.de/wp-content/uploads/2020/03/2020-03-16_stressBüro.jpeg

2020-03-16_stressBüro

<!-- This site is optimized with the Yoast SEO plugin v19.4 - https://yoast.com/wordpress/plugins/seo/ -->
<title>2020-03-16_stressBüro - Mazda Adli</title>
<meta name="robots" content="index, follow, max-snippet:-1, max-image-preview:large, max-video-preview:-1" />
<link rel="canonical" href="https://www.mazda-adli.de/wp-content/uploads/2020/03/2020-03-16_stressBüro.jpeg" />
<meta property="og:locale" content="en_US" />
<meta property="og:type" content="article" />
<meta property="og:title" content="2020-03-16_stressBüro - Mazda Adli" />
<meta property="og:description" content="Stress im Büro" />
<meta property="og:url" content="https://www.mazda-adli.de/wp-content/uploads/2020/03/2020-03-16_stressBüro.jpeg" />
<meta property="og:site_name" content="Mazda Adli" />
<meta property="og:image" content="https://www.mazda-adli.de/wp-content/uploads/2020/03/2020-03-16_stressBüro.jpeg" />
	<meta property="og:image:width" content="374" />
	<meta property="og:image:height" content="191" />
	<meta property="og:image:type" content="image/jpeg" />
<script type="application/ld+json" class="yoast-schema-graph">{"@context":"https://schema.org","@graph":[{"@type":"WebSite","@id":"https://www.mazda-adli.de/#website","url":"https://www.mazda-adli.de/","name":"Mazda Adli","description":"Mazda Adli und sein Wirken in Forschung und Therapie für psychische Gesundheit in der Staddt.","potentialAction":[{"@type":"SearchAction","target":{"@type":"EntryPoint","urlTemplate":"https://www.mazda-adli.de/?s={search_term_string}"},"query-input":"required name=search_term_string"}],"inLanguage":"en-US"},{"@type":"WebPage","@id":"https://www.mazda-adli.de/wp-content/uploads/2020/03/2020-03-16_stressBüro.jpeg","url":"https://www.mazda-adli.de/wp-content/uploads/2020/03/2020-03-16_stressBüro.jpeg","name":"2020-03-16_stressBüro - Mazda Adli","isPartOf":{"@id":"https://www.mazda-adli.de/#website"},"datePublished":"2020-03-16T15:30:33+00:00","dateModified":"2020-03-16T15:30:33+00:00","breadcrumb":{"@id":"https://www.mazda-adli.de/wp-content/uploads/2020/03/2020-03-16_stressBüro.jpeg#breadcrumb"},"inLanguage":"en-US","potentialAction":[{"@type":"ReadAction","target":["https://www.mazda-adli.de/wp-content/uploads/2020/03/2020-03-16_stressBüro.jpeg"]}]},{"@type":"BreadcrumbList","@id":"https://www.mazda-adli.de/wp-content/uploads/2020/03/2020-03-16_stressBüro.jpeg#breadcrumb","itemListElement":[{"@type":"ListItem","position":1,"name":"Home","item":"https://www.mazda-adli.de/en/"},{"@type":"ListItem","position":2,"name":"2020-03-16_stressBüro"}]}]}</script>
<!-- / Yoast SEO plugin. -->

2020-03-16_stressBüro - Mazda Adli

https://www.mazda-adli.de/wp-content/uploads/2020/03/2020-03-16_stressBüro.jpeg

Stress im Büro

Mazda Adli und sein Wirken in Forschung und Therapie für psychische Gesundheit in der Staddt.

https://www.mazda-adli.de/wp-content/uploads/2020/03/2020-03-16_stressBüro.jpeg#breadcrumb

<p class="attachment"><a href='https://www.mazda-adli.de/wp-content/uploads/2020/03/2020-03-16_stressBüro.jpeg'><img width="300" height="153" src="https://www.mazda-adli.de/wp-content/uploads/2020/03/2020-03-16_stressBüro-300x153.jpeg" class="attachment-medium size-medium" alt="" loading="lazy" srcset="https://www.mazda-adli.de/wp-content/uploads/2020/03/2020-03-16_stressBüro-300x153.jpeg 300w, https://www.mazda-adli.de/wp-content/uploads/2020/03/2020-03-16_stressBüro.jpeg 374w" sizes="(max-width: 300px) 100vw, 300px" /></a></p>
<p>Frau sitzt vor dem PC und ist gestresst</p>

<p>Stress im Büro</p>

2020/03/2020-03-16_stressBüro.jpeg

2020-03-16_stressBüro-300x153.jpeg

https://www.mazda-adli.de/wp-content/uploads/2020/03/2020-03-16_stressBüro-300x153.jpeg

2020-03-16_stressBüro-150x150.jpeg

https://www.mazda-adli.de/wp-content/uploads/2020/03/2020-03-16_stressBüro-150x150.jpeg

2020-03-16_stressBüro.jpeg
